at is the remainder when 194 is divided by h?
26
Let y = 49 - -19. Let k = 34 + y. Suppose 20 = -2*h + k. What is the remainder when h is divided by 14?
13
Suppose 3*b = -5*p - 2*b + 85, 0 = -3*p + 3*b + 45. Calculate the remainder when 59 is divided by p.
11
Let c(t) = 3*t**3 - 5*t + 5. What is the remainder when c(2) is divided by 11?
8
Let y = -2 + 37. Suppose 0 = 3*b + 2*b - y. Calculate the remainder when 18 is divided by b.
4
Let k(l) = -7*l**2 + 4*l - 15. Let s(q) = 3*q**2 - 2*q + 7. Let d(f) = -6*k(f) - 13*s(f). What is the remainder when d(3) is divided by 11?
10
Let p(x) = x**2 - 8*x + 10. Let a(o) = o**2 - 8*o + 8. Let g be a(8). Calculate the remainder when p(g) is divided by (16/12)/(2/6).
2
Let u(s) = -9*s + 8. Calculate the remainder when 64 is divided by u(-3).
29
Let j be ((-2)/4)/(1/(-34)). Suppose -2*h + 7 = -j. Calculate the remainder when 34 is divided by h.
10
Let y(a) = a**3 + 8*a**2 + 3*a - 16. Calculate the remainder when 32*(1 + 0) + 1 is divided by y(-7).
9
Let x(w) = -w**2 + w + 33. Let m = -95 - -65. Let u = -13 - m. What is the remainder when x(0) is divided by u?
16
Suppose -4*n + 108 = -76. Let l(s) = -16*s - s**2 + 3*s**2 + 3 - 2 + 9*s. What is the remainder when n is divided by l(5)?
14
Let z(o) = -3*o**3 - 4*o**2 - o + 4. Let y(n) = 2*n - 4*n**2 + 5*n**3 - 1 - 6*n**3 + 6. Let w be y(-4). What is the remainder when z(w) is divided by 18?
16
Suppose 60 = 3*n + 21. Let v = -8 + 8. Suppose -5*r + 2*r = -2*k - 122, -4*r - 5*k + 132 = v. Calculate the remainder when r is divided by n.
12
Let g = 66 + -36. Let j = g + -20. What is the remainder when 37 is divided by j?
7
Let h(s) = -2*s**3 + 2*s**2 + 3*s + 2. What is the remainder when 3 is divided by h(-1)?
0
Let g = -65 - -79. What is the remainder when 41 is divided by g?
13
Let u = 2 + 0. Suppose 30 = 5*r - 3*x, r + u = x + 6. Calculate the remainder when r is divided by ((-4)/(12/15))/(-1).
4
Let a(y) = -16*y + 3. Let l be a(5). Suppose 2*q + 3*q - 85 = 0. What is the remainder when (-2450)/l + 2/11 is divided by q?
15
Suppose -3*v + 0*v + 15 = 0. Suppose 22 = 4*u - v*w, 4*u + 5*w = u - 1. Calculate the remainder when 0 + u - (2 - 3) is divided by 3.
1
Let f = -40 - -69. Suppose -2*w = -10, 0*l + 4*w = -2*l + 50. What is the remainder when f is divided by l?
14
Suppose -2*d + 4*d - 4 = 0, -2 = -4*z - 5*d. Let o be (2 - 4)/1 - 0. What is the remainder when (-60)/o + -2 + z is divided by 9?
8
Suppose 4*c - 148 = 4*h - 0*h, 158 = 5*c + 4*h. What is the remainder when 134 is divided by c?
32
Let m be 3/(3/3) - -2. Suppose m + 18 = a. Calculate the remainder when a is divided by 12.
11
Let f be ((-8)/(-12))/((-2)/18). Let m(j) = -j**3 - 7*j**2 - 7*j. Calculate the remainder when 17 is divided by m(f).
5
Let r(m) = 4*m**2 - 1. Calculate the remainder when 3 is divided by r(1).
0
Suppose n + 2*s = 4*n - 19, s + 12 = 2*n. Calculate the remainder when 9 is divided by n.
4
Suppose -h - 4 = 2*f - 2, f - 4*h - 17 = 0. What is the remainder when 4 is divided by f?
0
Let t = -16 + 35. What is the remainder when t is divided by 11?
8
Let d(x) = -13*x**3 - x. Let n(l) = l**3 - l**2 - 6*l + 8. Let m be n(5). Suppose 57 = 5*v - m. Calculate the remainder when v is divided by d(-1).
13
Let t = 30 + -10. Suppose 4*o + 24 = -184. What is the remainder when t is divided by o/(-5) + (-3)/(-5)?
9
Let z(y) = 14*y - 8. Let v(l) = -6*l - 3. What is the remainder when z(5) is divided by v(-4)?
20
Let w be -6*-3*6/(-27). Let h be 742/4 - 2/w. Calculate the remainder when 35 is divided by 4/(-10) + h/15.
11
Let x = -102 + 236. Calculate the remainder when x is divided by 46.
42
Let k(b) = 23*b + 1. Calculate the remainder when k(1) is divided by 10.
4
Let b(l) be the second derivative of l**3/6 + 4*l**2 - 2*l. Let g be b(0). Let n(a) = -a**2 + 11*a - 3. Calculate the remainder when 40 is divided by n(g).
19
Suppose -5*b + 46 = 2*u, -5*b + 7 + 0 = -u. Calculate the remainder when 17 is divided by u.
4
Suppose 4*l - 5 = 3. Suppose -4*o = j + 13, 2*j - j = o + 7. Suppose 0 = 2*r + 4*a - 14, -j*r + r - 4 = -5*a. Calculate the remainder when r is divided by l.
1
Let v be (32/(-20))/((-2)/5). Suppose -2*i + 5*i - 2*q = 37, 0 = 2*i - v*q - 30. Calculate the remainder when 43 is divided by i.
10
Let b be 0 - -3 - (-5 - -5). Suppose 7 = s + b*w, 3 + 6 = 5*s + 2*w. Suppose -2*i = -11 - s. What is the remainder when 10 is divided by i?
4
Let n = 12 - 4. Let y be (-4)/5*(-700)/n. Suppose y = f + 4*f. What is the remainder when 25 is divided by f?
11
Suppose 5*q = 18 + 7. Calculate the remainder when 23 is divided by (4 - q)/(2/(-26)).
10
Suppose 5*j - 48 - 17 = 0. Calculate the remainder when 49 is divided by j.
10
Calculate the remainder when 3*(1 + (-110)/(-6)) is divided by ((-7)/(63/(-60)))/(5/15).
18
Let t = 51 + -12. What is the remainder when t is divided by 14?
11
Let z be (-30)/(-12)*16/10. Suppose x - 265 = -z*x. Calculate the remainder when x is divided by 18.
17
Suppose 11 + 1 = 3*x. What is the remainder when (10/(-4))/((-1)/4) is divided by x?
2
Let r = -26 - -39. Suppose -u - 4*u = 2*o + 18, -3*u - 12 = 0. Let f(m) = 25*m**3 - m**2 + 2*m - 1. What is the remainder when f(o) is divided by r?
12
Let p = 28 - 12. Calculate the remainder when 91 is divided by p.
11
Let d(v) = 9*v**2 - v + 1. Let p = 1 + -1. Let g = p + 1. Calculate the remainder when d(g) is divided by 6.
3
Let r = -315 + -77. Let w(u) = 2*u**3 - u**2 - 4*u + 4. What is the remainder when (-6)/(-27) + r/(-18) is divided by w(2)?
6
Suppose -5 - 10 = -5*y. Suppose -y*o + 50 = 2*o - 5*p, -3*o - 2*p = -45. What is the remainder when 25 is divided by o?
12
Calculate the remainder when 8 is divided by (-1 - (12 - 1) - 0)/(-2).
2
Suppose -2*r + l + l = -4, 4*l = -5*r + 19. Suppose p = 3*b - 24, 4*p - b = r*p - 20. Calculate the remainder when (2/4)/((-3)/p) is divided by 2.
1
Suppose 14 = p - 4*f, -p = -6*p - 5*f - 5. Calculate the remainder when 4 is divided by p.
0
Suppose 22 = -w + 12*w. Let m = 3 - -3. What is the remainder when m is divided by w?
0
Suppose 2*j + 21 = 3*j. Let d(n) = n**2 - 12*n + 12. What is the remainder when d(14) is divided by j?
19
Calculate the remainder when 182 is divided by (-1701)/(-45) + -4*2/10.
34
Suppose -o - 10 = -3*o, 544 = 4*w - 4*o. Calculate the remainder when w is divided by 36.
33
Let v = -71 - -99. Suppose 0 = 4*k + 5*j - v, 3*k - 7 = 2*k + 5*j. Calculate the remainder when 27 is divided by k.
6
Suppose 3*x - 44 = -4*s, 8*s - 9*s = 4*x - 50. Let h = 3 + 1. Calculate the remainder when x is divided by (-42)/(-8) + (-1)/h.
2
Suppose -v + 6*v - 70 = 0. What is the remainder when 154/6 + (-4)/(-12) is divided by v?
12
Suppose -26 = 3*t + 208. What is the remainder when 36 is divided by t/3*(-3)/6?
10
Suppose -o + 0*a + 35 = 4*a, 99 = 5*o + a. Let w(c) = c**3 + 8*c**2 + 10*c + 8. Let f be w(-6). Calculate the remainder when o is divided by (-27)/(-4) + 5/f.
5
Let n(r) = r**3 - 8*r**2 - 7*r + 6. What is the remainder when 118 is divided by n(9)?
22
Suppose 3*v - 181 = -4*d, 5*v - v = -20. What is the remainder when d is divided by 26?
23
Suppose 0 = 2*k - 4*j + 2 - 24, -2*k = 3*j - 1. Let m(a) = -a + 10. What is the remainder when k is divided by m(7)?
2
What is the remainder when (-590)/(-75)*-6*(-15)/6 is divided by 20?
18
Suppose -3*i + 0*o + 10 = o, 12 = 4*i + o. Suppose -5*j - 11 = -4*j - 3*t, 18 = 2*j + i*t. Let d = 16 - 10. Calculate the remainder when d is divided by j.
2
Suppose 33 = -4*b - u, -4*b + 3*u = u + 18. Let s = b - -30. Calculate the remainder when s is divided by 12.
11
Suppose 0 = h + h - 24. Suppose -5*j - 2*v - 2*v = -126, 0 = -2*j - 4*v + 60. Calculate the remainder when j is divided by h.
10
Let y(n) = -3*n - 3. Suppose -o + 18 = o. Calculate the remainder when o is divided by y(-3).
3
Suppose -2*z + 100 = 6. What is the remainder when z is divided by 16?
15
Suppose -4*z - 10 = -18. Suppose -w - 22 = -4*o + 19, 2*o + 3*w = 17. Suppose -4*b + 2 = -o. What is the remainder when b is divided by z?
1
Let q(z) = -z + 4. Suppose 6 = -o + 19. What is the remainder when o is divided by q(-3)?
6
Suppose n - 8 = -2*p, 0 = -2*p + p - 3*n + 14. What is the remainder when p is divided by ((-2)/(-3))/(10/15)?
0
Let c(o) = -o**2 - 4*o - 2. Let k be c(-4). Let l(g) = -g**3 - g**2 